{"id":84,"date":"2024-07-09T13:27:54","date_gmt":"2024-07-09T11:27:54","guid":{"rendered":"https:\/\/dtmtrainingclub.com\/?page_id=84"},"modified":"2024-12-02T17:46:09","modified_gmt":"2024-12-02T16:46:09","slug":"nutricion","status":"publish","type":"page","link":"https:\/\/dtmtrainingclub.com\/?page_id=84","title":{"rendered":"Nutrici\u00f3n"},"content":{"rendered":"\t\t<div data-elementor-type=\"wp-page\" data-elementor-id=\"84\" class=\"elementor elementor-84\">\n\t\t\t\t<div class=\"elementor-element elementor-element-c07faa6 e-flex e-con-boxed e-con e-parent\" data-id=\"c07faa6\" data-element_type=\"container\" data-e-type=\"container\">\n\t\t\t\t\t<div class=\"e-con-inner\">\n\t\t\t\t<div class=\"elementor-element elementor-element-2687cd5 elementor-widget-divider--view-line elementor-widget elementor-widget-divider\" data-id=\"2687cd5\" data-element_type=\"widget\" data-e-type=\"widget\" data-widget_type=\"divider.default\">\n\t\t\t\t<div class=\"elementor-widget-container\">\n\t\t\t\t\t\t\t<div class=\"elementor-divider\">\n\t\t\t<span class=\"elementor-divider-separator\">\n\t\t\t\t\t\t<\/span>\n\t\t<\/div>\n\t\t\t\t\t\t<\/div>\n\t\t\t\t<\/div>\n\t\t\t\t\t<\/div>\n\t\t\t\t<\/div>\n\t\t<div class=\"elementor-element elementor-element-471cae8 e-con-full e-flex e-con e-parent\" data-id=\"471cae8\" data-element_type=\"container\" data-e-type=\"container\">\n\t\t<div class=\"elementor-element elementor-element-16411b4 e-con-full e-flex e-con e-child\" data-id=\"16411b4\" data-element_type=\"container\" data-e-type=\"container\">\n\t\t\t\t<div class=\"elementor-element elementor-element-8741742 elementor-widget elementor-widget-video\" data-id=\"8741742\" data-element_type=\"widget\" data-e-type=\"widget\" data-settings=\"{&quot;video_type&quot;:&quot;hosted&quot;,&quot;controls&quot;:&quot;yes&quot;}\" data-widget_type=\"video.default\">\n\t\t\t\t<div class=\"elementor-widget-container\">\n\t\t\t\t\t\t\t<div class=\"e-hosted-video elementor-wrapper elementor-open-inline\">\n\t\t\t\t\t<video class=\"elementor-video\" src=\"http:\/\/dtmtrainingclub.com\/wp-content\/uploads\/2024\/07\/copy_08EA8C5C-1A97-4C9C-8C2D-279251167FBB-2-1.mov\" controls=\"\" preload=\"metadata\" controlsList=\"nodownload\"><\/video>\n\t\t\t\t<\/div>\n\t\t\t\t\t\t<\/div>\n\t\t\t\t<\/div>\n\t\t\t\t<\/div>\n\t\t<div class=\"elementor-element elementor-element-310104c e-con-full e-flex e-con e-child\" data-id=\"310104c\" data-element_type=\"container\" data-e-type=\"container\">\n\t\t\t\t<div class=\"elementor-element elementor-element-78d953a elementor-widget elementor-widget-text-editor\" data-id=\"78d953a\" data-element_type=\"widget\" data-e-type=\"widget\" data-widget_type=\"text-editor.default\">\n\t\t\t\t<div class=\"elementor-widget-container\">\n\t\t\t\t\t\t\t\t\t<p><span style=\"color: #ffffff;\">\u00a0<\/span><span style=\"color: #ffffff; font-family: var( --e-global-typography-text-font-family ), Sans-serif; font-weight: var( --e-global-typography-text-font-weight ); text-align: var(--text-align);\">En DTM contamos con un servicio especializado de nutrici\u00f3n. La nutrici\u00f3n es una ciencia que se enfoca en el estudio de los alimentos y c\u00f3mo estos influyen en nuestra salud, bienestar y rendimiento f\u00edsico<\/span><\/p>\t\t\t\t\t\t\t\t<\/div>\n\t\t\t\t<\/div>\n\t\t\t\t<\/div>\n\t\t\t\t<\/div>\n\t\t<div class=\"elementor-element elementor-element-7de4d3a e-flex e-con-boxed e-con e-parent\" data-id=\"7de4d3a\" data-element_type=\"container\" data-e-type=\"container\">\n\t\t\t\t\t<div class=\"e-con-inner\">\n\t\t\t\t<div class=\"elementor-element elementor-element-497512a elementor-widget-divider--view-line elementor-widget elementor-widget-divider\" data-id=\"497512a\" data-element_type=\"widget\" data-e-type=\"widget\" data-widget_type=\"divider.default\">\n\t\t\t\t<div class=\"elementor-widget-container\">\n\t\t\t\t\t\t\t<div class=\"elementor-divider\">\n\t\t\t<span class=\"elementor-divider-separator\">\n\t\t\t\t\t\t<\/span>\n\t\t<\/div>\n\t\t\t\t\t\t<\/div>\n\t\t\t\t<\/div>\n\t\t\t\t\t<\/div>\n\t\t\t\t<\/div>\n\t\t<div class=\"elementor-element elementor-element-5b81f3e e-con-full e-flex e-con e-parent\" data-id=\"5b81f3e\" data-element_type=\"container\" data-e-type=\"container\">\n\t\t<div class=\"elementor-element elementor-element-a7f42e3 e-con-full e-flex e-con e-child\" data-id=\"a7f42e3\" data-element_type=\"container\" data-e-type=\"container\">\n\t\t\t\t<div class=\"elementor-element elementor-element-6caf18f elementor-widget elementor-widget-text-editor\" data-id=\"6caf18f\" data-element_type=\"widget\" data-e-type=\"widget\" data-widget_type=\"text-editor.default\">\n\t\t\t\t<div class=\"elementor-widget-container\">\n\t\t\t\t\t\t\t\t\t<p><span style=\"color: #ffffff;\">Los beneficios de contar con un plan de nutrici\u00f3n adecuado son m\u00faltiples. Una alimentaci\u00f3n equilibrada y personalizada ayuda a mejorar el rendimiento f\u00edsico, proporcionando la energ\u00eda necesaria para tus entrenamientos y favoreciendo la recuperaci\u00f3n muscular. Tambi\u00e9n es esencial para alcanzar y mantener un peso saludable, prevenir enfermedades cr\u00f3nica como la diabetes, hipertensi\u00f3n y enfermedades card\u00edacas, y mejorar la digesti\u00f3n y la salud intestinal<\/span><\/p>\t\t\t\t\t\t\t\t<\/div>\n\t\t\t\t<\/div>\n\t\t\t\t<\/div>\n\t\t<div class=\"elementor-element elementor-element-077837f e-con-full e-flex e-con e-child\" data-id=\"077837f\" data-element_type=\"container\" data-e-type=\"container\">\n\t\t\t\t<div class=\"elementor-element elementor-element-eeff46c elementor-widget elementor-widget-image\" data-id=\"eeff46c\" data-element_type=\"widget\" data-e-type=\"widget\" data-widget_type=\"image.default\">\n\t\t\t\t<div class=\"elementor-widget-container\">\n\t\t\t\t\t\t\t\t\t\t\t\t\t\t\t<img fetchpriority=\"high\" decoding=\"async\" width=\"683\" height=\"1024\" src=\"https:\/\/dtmtrainingclub.com\/wp-content\/uploads\/2024\/07\/olivie-strauss-mBb-ruWa2gc-unsplash-1-683x1024.jpg\" class=\"attachment-large size-large wp-image-93\" alt=\"\" srcset=\"https:\/\/dtmtrainingclub.com\/wp-content\/uploads\/2024\/07\/olivie-strauss-mBb-ruWa2gc-unsplash-1-683x1024.jpg 683w, https:\/\/dtmtrainingclub.com\/wp-content\/uploads\/2024\/07\/olivie-strauss-mBb-ruWa2gc-unsplash-1-200x300.jpg 200w, https:\/\/dtmtrainingclub.com\/wp-content\/uploads\/2024\/07\/olivie-strauss-mBb-ruWa2gc-unsplash-1-768x1152.jpg 768w, https:\/\/dtmtrainingclub.com\/wp-content\/uploads\/2024\/07\/olivie-strauss-mBb-ruWa2gc-unsplash-1-1024x1536.jpg 1024w, https:\/\/dtmtrainingclub.com\/wp-content\/uploads\/2024\/07\/olivie-strauss-mBb-ruWa2gc-unsplash-1-1365x2048.jpg 1365w, https:\/\/dtmtrainingclub.com\/wp-content\/uploads\/2024\/07\/olivie-strauss-mBb-ruWa2gc-unsplash-1-scaled.jpg 1707w\" sizes=\"(max-width: 683px) 100vw, 683px\" \/>\t\t\t\t\t\t\t\t\t\t\t\t\t\t\t<\/div>\n\t\t\t\t<\/div>\n\t\t\t\t<\/div>\n\t\t\t\t<\/div>\n\t\t<div class=\"elementor-element elementor-element-cd568d8 e-con-full e-flex e-con e-parent\" data-id=\"cd568d8\" data-element_type=\"container\" data-e-type=\"container\">\n\t\t<div class=\"elementor-element elementor-element-01aa20f e-con-full e-flex e-con e-child\" data-id=\"01aa20f\" data-element_type=\"container\" data-e-type=\"container\">\n\t\t\t\t<div class=\"elementor-element elementor-element-a1cd2a5 elementor-widget__width-initial elementor-widget elementor-widget-text-editor\" data-id=\"a1cd2a5\" data-element_type=\"widget\" data-e-type=\"widget\" data-widget_type=\"text-editor.default\">\n\t\t\t\t<div class=\"elementor-widget-container\">\n\t\t\t\t\t\t\t\t\t<p><span style=\"color: #ffffff;\">Nuestra nutricionista est\u00e1 altamente capacitada para ofrecerte asesoramiento personalizado seg\u00fan tus objetivos y necesidades, ya sea que busques perder peso, ganar masa muscular, mejorar tu rendimiento deportivo o simplemente llevar una vida m\u00e1s saludable. Trabaja en estrecha colaboraci\u00f3n con nuestros entrenadores para asegurarse de que tu plan nutricional est\u00e9 alineado con tu r\u00e9gimen de ejercicios y estilo de vida.<\/span><\/p>\t\t\t\t\t\t\t\t<\/div>\n\t\t\t\t<\/div>\n\t\t\t\t<div class=\"elementor-element elementor-element-edca0cc elementor-widget__width-initial elementor-widget elementor-widget-image\" data-id=\"edca0cc\" data-element_type=\"widget\" data-e-type=\"widget\" data-widget_type=\"image.default\">\n\t\t\t\t<div class=\"elementor-widget-container\">\n\t\t\t\t\t\t\t\t\t\t\t\t\t\t\t<img decoding=\"async\" src=\"https:\/\/dtmtrainingclub.com\/wp-content\/uploads\/2024\/07\/nathan-dumlao-bRdRUUtbxO0-unsplash-1-scaled.jpg\" title=\"nathan-dumlao-bRdRUUtbxO0-unsplash-1\" alt=\"nathan-dumlao-bRdRUUtbxO0-unsplash-1\" loading=\"lazy\" \/>\t\t\t\t\t\t\t\t\t\t\t\t\t\t\t<\/div>\n\t\t\t\t<\/div>\n\t\t\t\t<\/div>\n\t\t\t\t<\/div>\n\t\t\t\t<\/div>\n\t\t","protected":false},"excerpt":{"rendered":"<p>http:\/\/dtmtrainingclub.com\/wp-content\/uploads\/2024\/07\/copy_08EA8C5C-1A97-4C9C-8C2D-279251167FBB-2-1.mov \u00a0En DTM contamos con un servicio especializado de nutrici\u00f3n. La nutrici\u00f3n es una ciencia que se enfoca en el [&hellip;]<\/p>\n","protected":false},"author":1,"featured_media":0,"parent":0,"menu_order":0,"comment_status":"closed","ping_status":"closed","template":"","meta":{"site-sidebar-layout":"default","site-content-layout":"","ast-site-content-layout":"","site-content-style":"default","site-sidebar-style":"default","ast-global-header-display":"","ast-banner-title-visibility":"","ast-main-header-display":"","ast-hfb-above-header-display":"","ast-hfb-below-header-display":"","ast-hfb-mobile-header-display":"","site-post-title":"","ast-breadcrumbs-content":"","ast-featured-img":"","footer-sml-layout":"","theme-transparent-header-meta":"","adv-header-id-meta":"","stick-header-meta":"","header-above-stick-meta":"","header-main-stick-meta":"","header-below-stick-meta":"","astra-migrate-meta-layouts":"default","ast-page-background-enabled":"default","ast-page-background-meta":{"desktop":{"background-color":"var(--ast-global-color-4)","background-image":"","background-repeat":"repeat","background-position":"center center","background-size":"auto","background-attachment":"scroll","background-type":"","background-media":"","overlay-type":"","overlay-color":"","overlay-opacity":"","overlay-gradient":""},"tablet":{"background-color":"","background-image":"","background-repeat":"repeat","background-position":"center center","background-size":"auto","background-attachment":"scroll","background-type":"","background-media":"","overlay-type":"","overlay-color":"","overlay-opacity":"","overlay-gradient":""},"mobile":{"background-color":"","background-image":"","background-repeat":"repeat","background-position":"center center","background-size":"auto","background-attachment":"scroll","background-type":"","background-media":"","overlay-type":"","overlay-color":"","overlay-opacity":"","overlay-gradient":""}},"ast-content-background-meta":{"desktop":{"background-color":"var(--ast-global-color-5)","background-image":"","background-repeat":"repeat","background-position":"center center","background-size":"auto","background-attachment":"scroll","background-type":"","background-media":"","overlay-type":"","overlay-color":"","overlay-opacity":"","overlay-gradient":""},"tablet":{"background-color":"var(--ast-global-color-5)","background-image":"","background-repeat":"repeat","background-position":"center center","background-size":"auto","background-attachment":"scroll","background-type":"","background-media":"","overlay-type":"","overlay-color":"","overlay-opacity":"","overlay-gradient":""},"mobile":{"background-color":"var(--ast-global-color-5)","background-image":"","background-repeat":"repeat","background-position":"center center","background-size":"auto","background-attachment":"scroll","background-type":"","background-media":"","overlay-type":"","overlay-color":"","overlay-opacity":"","overlay-gradient":""}},"footnotes":""},"class_list":["post-84","page","type-page","status-publish","hentry"],"yoast_head":"<!-- This site is optimized with the Yoast SEO plugin v23.9 - https:\/\/yoast.com\/wordpress\/plugins\/seo\/ -->\n<title>Nutrici\u00f3n -<\/title>\n<meta name=\"description\" content=\"Mejora tu bienestar con asesoramiento nutricional personalizado. Aprende a llevar una alimentaci\u00f3n equilibrada y alcanzar tus objetivos\" \/>\n<meta name=\"robots\" content=\"index, follow, max-snippet:-1, max-image-preview:large, max-video-preview:-1\" \/>\n<link rel=\"canonical\" href=\"https:\/\/dtmtrainingclub.com\/?page_id=84\" \/>\n<meta property=\"og:locale\" content=\"es_ES\" \/>\n<meta property=\"og:type\" content=\"article\" \/>\n<meta property=\"og:title\" content=\"Nutrici\u00f3n -\" \/>\n<meta property=\"og:description\" content=\"Mejora tu bienestar con asesoramiento nutricional personalizado. Aprende a llevar una alimentaci\u00f3n equilibrada y alcanzar tus objetivos\" \/>\n<meta property=\"og:url\" content=\"https:\/\/dtmtrainingclub.com\/?page_id=84\" \/>\n<meta property=\"article:modified_time\" content=\"2024-12-02T16:46:09+00:00\" \/>\n<meta property=\"og:image\" content=\"https:\/\/dtmtrainingclub.com\/wp-content\/uploads\/2024\/07\/olivie-strauss-mBb-ruWa2gc-unsplash-1-scaled.jpg\" \/>\n\t<meta property=\"og:image:width\" content=\"1707\" \/>\n\t<meta property=\"og:image:height\" content=\"2560\" \/>\n\t<meta property=\"og:image:type\" content=\"image\/jpeg\" \/>\n<meta name=\"twitter:card\" content=\"summary_large_image\" \/>\n<meta name=\"twitter:label1\" content=\"Tiempo de lectura\" \/>\n\t<meta name=\"twitter:data1\" content=\"2 minutos\" \/>\n<script type=\"application\/ld+json\" class=\"yoast-schema-graph\">{\"@context\":\"https:\/\/schema.org\",\"@graph\":[{\"@type\":\"WebPage\",\"@id\":\"https:\/\/dtmtrainingclub.com\/?page_id=84\",\"url\":\"https:\/\/dtmtrainingclub.com\/?page_id=84\",\"name\":\"Nutrici\u00f3n -\",\"isPartOf\":{\"@id\":\"https:\/\/dtmtrainingclub.com\/#website\"},\"primaryImageOfPage\":{\"@id\":\"https:\/\/dtmtrainingclub.com\/?page_id=84#primaryimage\"},\"image\":{\"@id\":\"https:\/\/dtmtrainingclub.com\/?page_id=84#primaryimage\"},\"thumbnailUrl\":\"http:\/\/dtmtrainingclub.com\/wp-content\/uploads\/2024\/07\/olivie-strauss-mBb-ruWa2gc-unsplash-1-683x1024.jpg\",\"datePublished\":\"2024-07-09T11:27:54+00:00\",\"dateModified\":\"2024-12-02T16:46:09+00:00\",\"description\":\"Mejora tu bienestar con asesoramiento nutricional personalizado. Aprende a llevar una alimentaci\u00f3n equilibrada y alcanzar tus objetivos\",\"breadcrumb\":{\"@id\":\"https:\/\/dtmtrainingclub.com\/?page_id=84#breadcrumb\"},\"inLanguage\":\"es\",\"potentialAction\":[{\"@type\":\"ReadAction\",\"target\":[\"https:\/\/dtmtrainingclub.com\/?page_id=84\"]}]},{\"@type\":\"ImageObject\",\"inLanguage\":\"es\",\"@id\":\"https:\/\/dtmtrainingclub.com\/?page_id=84#primaryimage\",\"url\":\"http:\/\/dtmtrainingclub.com\/wp-content\/uploads\/2024\/07\/olivie-strauss-mBb-ruWa2gc-unsplash-1-683x1024.jpg\",\"contentUrl\":\"http:\/\/dtmtrainingclub.com\/wp-content\/uploads\/2024\/07\/olivie-strauss-mBb-ruWa2gc-unsplash-1-683x1024.jpg\"},{\"@type\":\"BreadcrumbList\",\"@id\":\"https:\/\/dtmtrainingclub.com\/?page_id=84#breadcrumb\",\"itemListElement\":[{\"@type\":\"ListItem\",\"position\":1,\"name\":\"Portada\",\"item\":\"https:\/\/dtmtrainingclub.com\/\"},{\"@type\":\"ListItem\",\"position\":2,\"name\":\"Nutrici\u00f3n\"}]},{\"@type\":\"WebSite\",\"@id\":\"https:\/\/dtmtrainingclub.com\/#website\",\"url\":\"https:\/\/dtmtrainingclub.com\/\",\"name\":\"dtmtraningclub\",\"description\":\"\",\"publisher\":{\"@id\":\"https:\/\/dtmtrainingclub.com\/#organization\"},\"potentialAction\":[{\"@type\":\"SearchAction\",\"target\":{\"@type\":\"EntryPoint\",\"urlTemplate\":\"https:\/\/dtmtrainingclub.com\/?s={search_term_string}\"},\"query-input\":{\"@type\":\"PropertyValueSpecification\",\"valueRequired\":true,\"valueName\":\"search_term_string\"}}],\"inLanguage\":\"es\"},{\"@type\":\"Organization\",\"@id\":\"https:\/\/dtmtrainingclub.com\/#organization\",\"name\":\"DTM Training Club\",\"url\":\"https:\/\/dtmtrainingclub.com\/\",\"logo\":{\"@type\":\"ImageObject\",\"inLanguage\":\"es\",\"@id\":\"https:\/\/dtmtrainingclub.com\/#\/schema\/logo\/image\/\",\"url\":\"https:\/\/dtmtrainingclub.com\/wp-content\/uploads\/2024\/07\/Logo-DTM-7-4.png\",\"contentUrl\":\"https:\/\/dtmtrainingclub.com\/wp-content\/uploads\/2024\/07\/Logo-DTM-7-4.png\",\"width\":1110,\"height\":200,\"caption\":\"DTM Training Club\"},\"image\":{\"@id\":\"https:\/\/dtmtrainingclub.com\/#\/schema\/logo\/image\/\"}}]}<\/script>\n<!-- \/ Yoast SEO plugin. -->","yoast_head_json":{"title":"Nutrici\u00f3n -","description":"Mejora tu bienestar con asesoramiento nutricional personalizado. Aprende a llevar una alimentaci\u00f3n equilibrada y alcanzar tus objetivos","robots":{"index":"index","follow":"follow","max-snippet":"max-snippet:-1","max-image-preview":"max-image-preview:large","max-video-preview":"max-video-preview:-1"},"canonical":"https:\/\/dtmtrainingclub.com\/?page_id=84","og_locale":"es_ES","og_type":"article","og_title":"Nutrici\u00f3n -","og_description":"Mejora tu bienestar con asesoramiento nutricional personalizado. Aprende a llevar una alimentaci\u00f3n equilibrada y alcanzar tus objetivos","og_url":"https:\/\/dtmtrainingclub.com\/?page_id=84","article_modified_time":"2024-12-02T16:46:09+00:00","og_image":[{"width":1707,"height":2560,"url":"https:\/\/dtmtrainingclub.com\/wp-content\/uploads\/2024\/07\/olivie-strauss-mBb-ruWa2gc-unsplash-1-scaled.jpg","type":"image\/jpeg"}],"twitter_card":"summary_large_image","twitter_misc":{"Tiempo de lectura":"2 minutos"},"schema":{"@context":"https:\/\/schema.org","@graph":[{"@type":"WebPage","@id":"https:\/\/dtmtrainingclub.com\/?page_id=84","url":"https:\/\/dtmtrainingclub.com\/?page_id=84","name":"Nutrici\u00f3n -","isPartOf":{"@id":"https:\/\/dtmtrainingclub.com\/#website"},"primaryImageOfPage":{"@id":"https:\/\/dtmtrainingclub.com\/?page_id=84#primaryimage"},"image":{"@id":"https:\/\/dtmtrainingclub.com\/?page_id=84#primaryimage"},"thumbnailUrl":"http:\/\/dtmtrainingclub.com\/wp-content\/uploads\/2024\/07\/olivie-strauss-mBb-ruWa2gc-unsplash-1-683x1024.jpg","datePublished":"2024-07-09T11:27:54+00:00","dateModified":"2024-12-02T16:46:09+00:00","description":"Mejora tu bienestar con asesoramiento nutricional personalizado. Aprende a llevar una alimentaci\u00f3n equilibrada y alcanzar tus objetivos","breadcrumb":{"@id":"https:\/\/dtmtrainingclub.com\/?page_id=84#breadcrumb"},"inLanguage":"es","potentialAction":[{"@type":"ReadAction","target":["https:\/\/dtmtrainingclub.com\/?page_id=84"]}]},{"@type":"ImageObject","inLanguage":"es","@id":"https:\/\/dtmtrainingclub.com\/?page_id=84#primaryimage","url":"http:\/\/dtmtrainingclub.com\/wp-content\/uploads\/2024\/07\/olivie-strauss-mBb-ruWa2gc-unsplash-1-683x1024.jpg","contentUrl":"http:\/\/dtmtrainingclub.com\/wp-content\/uploads\/2024\/07\/olivie-strauss-mBb-ruWa2gc-unsplash-1-683x1024.jpg"},{"@type":"BreadcrumbList","@id":"https:\/\/dtmtrainingclub.com\/?page_id=84#breadcrumb","itemListElement":[{"@type":"ListItem","position":1,"name":"Portada","item":"https:\/\/dtmtrainingclub.com\/"},{"@type":"ListItem","position":2,"name":"Nutrici\u00f3n"}]},{"@type":"WebSite","@id":"https:\/\/dtmtrainingclub.com\/#website","url":"https:\/\/dtmtrainingclub.com\/","name":"dtmtraningclub","description":"","publisher":{"@id":"https:\/\/dtmtrainingclub.com\/#organization"},"potentialAction":[{"@type":"SearchAction","target":{"@type":"EntryPoint","urlTemplate":"https:\/\/dtmtrainingclub.com\/?s={search_term_string}"},"query-input":{"@type":"PropertyValueSpecification","valueRequired":true,"valueName":"search_term_string"}}],"inLanguage":"es"},{"@type":"Organization","@id":"https:\/\/dtmtrainingclub.com\/#organization","name":"DTM Training Club","url":"https:\/\/dtmtrainingclub.com\/","logo":{"@type":"ImageObject","inLanguage":"es","@id":"https:\/\/dtmtrainingclub.com\/#\/schema\/logo\/image\/","url":"https:\/\/dtmtrainingclub.com\/wp-content\/uploads\/2024\/07\/Logo-DTM-7-4.png","contentUrl":"https:\/\/dtmtrainingclub.com\/wp-content\/uploads\/2024\/07\/Logo-DTM-7-4.png","width":1110,"height":200,"caption":"DTM Training Club"},"image":{"@id":"https:\/\/dtmtrainingclub.com\/#\/schema\/logo\/image\/"}}]}},"_links":{"self":[{"href":"https:\/\/dtmtrainingclub.com\/index.php?rest_route=\/wp\/v2\/pages\/84","targetHints":{"allow":["GET"]}}],"collection":[{"href":"https:\/\/dtmtrainingclub.com\/index.php?rest_route=\/wp\/v2\/pages"}],"about":[{"href":"https:\/\/dtmtrainingclub.com\/index.php?rest_route=\/wp\/v2\/types\/page"}],"author":[{"embeddable":true,"href":"https:\/\/dtmtrainingclub.com\/index.php?rest_route=\/wp\/v2\/users\/1"}],"replies":[{"embeddable":true,"href":"https:\/\/dtmtrainingclub.com\/index.php?rest_route=%2Fwp%2Fv2%2Fcomments&post=84"}],"version-history":[{"count":20,"href":"https:\/\/dtmtrainingclub.com\/index.php?rest_route=\/wp\/v2\/pages\/84\/revisions"}],"predecessor-version":[{"id":277,"href":"https:\/\/dtmtrainingclub.com\/index.php?rest_route=\/wp\/v2\/pages\/84\/revisions\/277"}],"wp:attachment":[{"href":"https:\/\/dtmtrainingclub.com\/index.php?rest_route=%2Fwp%2Fv2%2Fmedia&parent=84"}],"curies":[{"name":"wp","href":"https:\/\/api.w.org\/{rel}","templated":true}]}}